 are the prime factors of 76133?
19, 4007
What are the prime factors of 946?
2, 11, 43
What are the prime factors of 9692?
2, 2423
What are the prime factors of 185?
5, 37
List the prime factors of 47099.
13, 3623
List the prime factors of 1477.
7, 211
List the prime factors of 21929.
21929
What are the prime factors of 12698?
2, 7, 907
What are the prime factors of 1140?
2, 3, 5, 19
What are the prime factors of 2155?
5, 431
List the prime factors of 65.
5, 13
List the prime factors of 1519.
7, 31
What are the prime factors of 16421?
16421
What are the prime factors of 84009?
3, 41, 683
List the prime factors of 4764.
2, 3, 397
What are the prime factors of 693?
3, 7, 11
What are the prime factors of 6629?
7, 947
List the prime factors of 97341.
3, 71, 457
List the prime factors of 8980.
2, 5, 449
What are the prime factors of 82416?
2, 3, 17, 101
List the prime factors of 10972.
2, 13, 211
List the prime factors of 35365.
5, 11, 643
List the prime factors of 43945.
5, 11, 17, 47
List the prime factors of 1452.
2, 3, 11
What are the prime factors of 13789?
13789
List the prime factors of 565.
5, 113
What are the prime factors of 1148?
2, 7, 41
What are the prime factors of 309?
3, 103
What are the prime factors of 4956?
2, 3, 7, 59
List the prime factors of 1101.
3, 367
List the prime factors of 5516.
2, 7, 197
List the prime factors of 26127.
3, 2903
What are the prime factors of 2155?
5, 431
What are the prime factors of 71318?
2, 13, 211
List the prime factors of 103835.
5, 19, 1093
List the prime factors of 7188.
2, 3, 599
List the prime factors of 15532.
2, 11, 353
List the prime factors of 77.
7, 11
List the prime factors of 10666.
2, 5333
What are the prime factors of 3253?
3253
What are the prime factors of 629?
17, 37
List the prime factors of 8951.
8951
What are the prime factors of 134?
2, 67
What are the prime factors of 10027?
37, 271
What are the prime factors of 3442?
2, 1721
What are the prime factors of 25113?
3, 11, 761
What are the prime factors of 8860?
2, 5, 443
List the prime factors of 547.
547
What are the prime factors of 45892?
2, 7, 11, 149
What are the prime factors of 1065?
3, 5, 71
List the prime factors of 48051.
3, 19, 281
List the prime factors of 68717.
11, 6247
What are the prime factors of 14092?
2, 13, 271
List the prime factors of 262.
2, 131
List the prime factors of 13141.
17, 773
What are the prime factors of 965?
5, 193
List the prime factors of 4301.
11, 17, 23
What are the prime factors of 1781?
13, 137
List the prime factors of 7300.
2, 5, 73
What are the prime factors of 1097?
1097
What are the prime factors of 6424?
2, 11, 73
What are the prime factors of 91226?
2, 45613
What are the prime factors of 45500?
2, 5, 7, 13
List the prime factors of 4517.
4517
What are the prime factors of 2494?
2, 29, 43
List the prime factors of 27060.
2, 3, 5, 11, 41
List the prime factors of 17756.
2, 23, 193
List the prime factors of 186037.
186037
What are the prime factors of 1748?
2, 19, 23
List the prime factors of 65199.
3, 103, 211
What are the prime factors of 42065?
5, 47, 179
What are the prime factors of 1577?
19, 83
What are the prime factors of 2623?
43, 61
List the prime factors of 863.
863
What are the prime factors of 57100?
2, 5, 571
List the prime factors of 62507.
62507
List the prime factors of 27.
3
List the prime factors of 2666.
2, 31, 43
What are the prime factors of 121978?
2, 71, 859
What are the prime factors of 299?
13, 23
What are the prime factors of 914?
2, 457
List the prime factors of 975.
3, 5, 13
What are the prime factors of 47889?
3, 17, 313
What are the prime factors of 31027?
19, 23, 71
What are the prime factors of 5448?
2, 3, 227
What are the prime factors of 3460?
2, 5, 173
List the prime factors of 787.
787
List the prime factors of 734.
2, 367
List the prime factors of 7724.
2, 1931
List the prime factors of 6066.
2, 3, 337
List the prime factors of 249.
3, 83
What are the prime factors of 1175?
5, 47
What are the prime factors of 11912?
2, 1489
List the prime factors of 9252.
2, 3, 257
What are the prime factors of 876?
2, 3, 73
What are the prime factors of 647?
647
What are the prime factors of 120122?
2, 17, 3533
List the prime factors of 29882.
2, 67, 223
List the prime factors of 12468.
2, 3, 1039
What are the prime factors of 240?
2, 3, 5
What are the prime factors of 215?
5, 43
List the prime factors of 10453.
10453
What are the prime factors of 17308?
2, 4327
What are the prime factors of 748?
2, 11, 17
List the prime factors of 66693.
3, 11, 43, 47
What are the prime factors of 8448?
2, 3, 11
List the prime factors of 2031.
3, 677
What are the prime factors of 5222?
2, 7, 373
List the prime factors of 851.
23, 37
List the prime factors of 5366.
2, 2683
What are the prime factors of 1157?
13, 89
List the prime factors of 90043.
127, 709
What are the prime factors of 30767?
11, 2797
List the prime factors of 29795.
5, 59, 101
What are the prime factors of 48732?
2, 3, 31, 131
What are the prime factors of 20081?
43, 467
What are the prime factors of 2643?
3, 881
What are the prime factors of 5672?
2, 709
List the prime factors of 6792.
2, 3, 283
What are the prime factors of 128?
2
List the prime factors of 6181.
7, 883
List the prime factors of 3072.
2, 3
List the prime factors of 1224.
2, 3, 17
What are the prime factors of 2364?
2, 3, 197
What are the prime factors of 7718?
2, 17, 227
What are the prime factors of 24075?
3, 5, 107
What are the prime factors of 77101?
77101
List the prime factors of 7734.
2, 3, 1289
List the prime factors of 6814.
2, 3407
List the prime factors of 6112.
2, 191
What are the prime factors of 5120?
2, 5
List the prime factors of 2445.
3, 5, 163
What are the prime factors of 66504?
2, 3, 17, 163
List the prime factors of 87744.
2, 3, 457
What are the prime factors of 208?
2, 13
List the prime factors of 115563.
3, 7, 5503
What are the prime factors of 10171?
7, 1453
List the prime factors of 4014.
2, 3, 223
List the prime factors of 6256.
2, 17, 23
What are the prime factors of 39418?
2, 19709
What are the prime factors of 317?
317
What are the prime factors of 2424?
2, 3, 101
List the prime factors of 254.
2, 127
What are the prime factors of 105127?
11, 19, 503
What are the prime factors of 75414?
2, 3, 12569
List the prime factors of 45370.
2, 5, 13, 349
List the prime factors of 22162.
2, 7, 1583
What are the prime factors of 62102?
2, 31051
What are the prime factors of 6969?
3, 23, 101
List the prime factors of 11995.
5, 2399
List the prime factors of 395.
5, 79
What are the prime factors of 4795?
5, 7, 137
What are the prime factors of 98076?
2, 3, 11, 743
What are the prime factors of 8932?
2, 7, 11, 29
List the prime factors of 65093.
7, 17, 547
List the prime factors of 12685.
5, 43, 59
List the prime factors of 454.
2, 227
What are the prime factors of 56027?
179, 313
What are the prime factors of 3857?
7, 19, 29
What are the prime factors of 37433?
11, 41, 83
What are the prime factors of 44504?
2, 5563
List the prime factors of 2679.
3, 19, 47
List the prime factors of 797.
797
List the prime factors of 5162.
2, 29, 89
What are the prime factors of 152938?
2, 47, 1627
List the prime factors of 3285.
3, 5, 73
List the prime factors of 49055.
5, 9811
What are the prime factors of 2905?
5, 7, 83
List the prime factors of 25032.
2, 3, 7, 149
List the prime factors of 11008.
2, 43
List the prime factors of 11095.
5, 7, 317
List the prime factors of 1446.
2, 3, 241
What are the prime factors of 59900?
2, 5, 599
List the prime factors of 19503.
3, 11, 197
List the prime factors of 57866.
2, 28933
What are the prime factors of 2564?
2, 641
List the prime factors of 7285.
5, 31, 47
What are the prime factors of 7036?
2, 1759
What are the prime factors of 11916?
2, 3, 331
List the prime factors of 2606.
2, 1303
What are the prime factors of 45341?
45341
List the prime factors of 12843.
3, 1427
What are the prime factors of 5067?
3, 563
List the prime factors of 63110.
2, 5, 6311
What are the prime factors of 114791?
191, 601
List the prime factors of 42442.
2, 21221
What are the prime factors of 1036?
2, 7, 37
List the prime factors of 11039.
7, 19, 83
List the prime factors of 12916.
2, 3229
List the prime factors of 1732.